{"id":2424,"date":"2020-05-22T11:23:04","date_gmt":"2020-05-22T08:23:04","guid":{"rendered":"http:\/\/10.3.14.4\/?page_id=2424"},"modified":"2026-03-03T12:01:02","modified_gmt":"2026-03-03T10:01:02","slug":"opinto-ohjauksen-tyonjako","status":"publish","type":"page","link":"https:\/\/www.raisionlukio.fi\/?page_id=2424","title":{"rendered":"OPINTO-OHJAUS"},"content":{"rendered":"\t\t<div data-elementor-type=\"wp-page\" data-elementor-id=\"2424\" class=\"elementor elementor-2424\">\n\t\t\t\t\t\t<section class=\"elementor-section elementor-top-section elementor-element elementor-element-6878abe elementor-section-boxed elementor-section-height-default elementor-section-height-default\" data-id=\"6878abe\" data-element_type=\"section\" data-e-type=\"section\">\n\t\t\t\t\t\t<div class=\"elementor-container elementor-column-gap-default\">\n\t\t\t\t\t<div class=\"elementor-column elementor-col-50 elementor-top-column elementor-element elementor-element-657f0ca\" data-id=\"657f0ca\" data-element_type=\"column\" data-e-type=\"column\">\n\t\t\t<div class=\"elementor-widget-wrap elementor-element-populated\">\n\t\t\t\t\t\t<div class=\"elementor-element elementor-element-fd9f517 elementor-widget elementor-widget-text-editor\" data-id=\"fd9f517\" data-element_type=\"widget\" data-e-type=\"widget\" data-widget_type=\"text-editor.default\">\n\t\t\t\t<div class=\"elementor-widget-container\">\n\t\t\t\t\t\t\t\t\t<h3>OPINTO-OHJAUS lv 25-26<\/h3>\n<ul>\n<li><a href=\"https:\/\/docs.google.com\/document\/d\/1U_Rm8wq8DYei1tpzRQ07HFoSsl1Yc4EoxnoExYwFyGI\/edit?usp=sharing\">Opinto-ohjauksen vuosisuunnitelma<\/a><\/li>\n<\/ul>\n<div>\n<p style=\"font-variant-ligatures: normal; font-variant-caps: normal; font-family: Roboto, sans-serif; font-size: 14px; font-style: normal;\"><b>opinto-ohjaaja Veera V\u00e4in\u00e4m\u00f6 (vs. Tuula Putkuri) (jatkavat ja x-ryhm\u00e4)<\/b><\/p>\n<ul style=\"font-variant-ligatures: normal; font-variant-caps: normal; font-family: Roboto, sans-serif; font-size: 14px; font-style: normal;\">\n<li style=\"font-size: 14px;\">s\u00e4hk\u00f6posti veera.vainamo<a style=\"font-size: 14px;\" href=\"mailto:tuula.putkuri@raisio.fi\">@raisio.fi<\/a><\/li>\n<li style=\"font-weight: 400; font-size: 14px;\">puh.&nbsp;<\/li>\n<\/ul>\n<\/div>\n<p><b>opinto-ohjaaja Eeva M\u00e4kinen (alkavat ja abit)<\/b><\/p>\n<ul>\n<li>s\u00e4hk\u00f6posti <a href=\"mailto:tuula.putkuri@raisio.fi\">eeva.makinen@raisio.fi<\/a><\/li>\n<li>puh. 044-797 1005<\/li>\n<\/ul>\n<p>Opinto-ohjaajan vastuualueet<\/p>\n<ul>\n<li>ohjauksen j\u00e4rjest\u00e4minen ja toteuttaminen<\/li>\n<li>opiskelijoiden henkil\u00f6kohtainen ohjaus<\/li>\n<li>opiskelijan HOPS:n teko yhteisty\u00f6ss\u00e4 ryhm\u00e4nohjaajien kanssa<\/li>\n<li>opiskelijan opinto-ohjelman muuttaminen ja hyv\u00e4ksyminen (esim. pitk\u00e4n matematiikan vaihto, oppiaineen pois j\u00e4tt\u00e4minen)<\/li>\n<li>opiskelijan jatkokoulutuksen ja uravalinnan suunnittelun ohjaus<\/li>\n<li>opiskelijan opiskeluvaikeudet yhteisty\u00f6ss\u00e4 erityisopettajan kanssa<\/li>\n<li>ryhm\u00e4nohjaajien yhdyshenkil\u00f6n\u00e4 ja kouluttajana toimiminen<\/li>\n<li>yhteydenpito siirtym\u00e4vaiheiden oppilaitoksiin ja elinkeinoel\u00e4m\u00e4\u00e4n<\/li>\n<li>lukion k\u00e4yt\u00e4nteist\u00e4 tiedottaminen peruskoulun opoille, p\u00e4\u00e4tt\u00f6luokkalaisille ja heid\u00e4n huoltajilleen<\/li>\n<li>peruskoulun p\u00e4\u00e4tt\u00f6luokkalaisten ohjaus lukio-opintoihin<\/li>\n<li>valmistuneiden opiskelijoiden j\u00e4lkiohjausvelvoite<\/li>\n<li>tutoreiden ohjaus<\/li>\n<li>yhteydenpito huoltajiin<\/li>\n<\/ul>\n<p>Opinto-ohjauksen opintojaksot \/ kurssit:<\/p>\n<ul>\n<li>OP1 Min\u00e4 opiskelijana -opintojakso j\u00e4rjestet\u00e4\u00e4n 1. opiskeluvuoden aikana kahdessa eri jaksossa.&nbsp;<\/li>\n<li>OP2 Jatko-opinnot ja ty\u00f6el\u00e4m\u00e4 -kurssi j\u00e4rjestet\u00e4\u00e4n 2. ja 3. opiskeluvuoden aikana.&nbsp;<\/li>\n<\/ul>\t\t\t\t\t\t\t\t<\/div>\n\t\t\t\t<\/div>\n\t\t\t\t\t<\/div>\n\t\t<\/div>\n\t\t\t\t<div class=\"elementor-column elementor-col-50 elementor-top-column elementor-element elementor-element-54109eb\" data-id=\"54109eb\" data-element_type=\"column\" data-e-type=\"column\">\n\t\t\t<div class=\"elementor-widget-wrap elementor-element-populated\">\n\t\t\t\t\t\t<div class=\"elementor-element elementor-element-7d8bfda elementor-widget elementor-widget-text-editor\" data-id=\"7d8bfda\" data-element_type=\"widget\" data-e-type=\"widget\" data-widget_type=\"text-editor.default\">\n\t\t\t\t<div class=\"elementor-widget-container\">\n\t\t\t\t\t\t\t\t\t<h3>RYHM\u00c4NOHJAUS<\/h3><p>Jokaisella opiskelijaryhm\u00e4ll\u00e4 on oma ryhm\u00e4nohjaajansa, jonka ryhm\u00e4 tapaa s\u00e4\u00e4nn\u00f6llisesti. Opiskelijat kokoontuvat oman ryhm\u00e4nohjaajansa luokkaan 1-2 kertaa jaksossa. Ryhm\u00e4nohjaustunneilla k\u00e4sitell\u00e4\u00e4n yhteisi\u00e4 asioita ja saadaan informaatiota tulevista tapahtumista sek\u00e4 kuullaan oppilaskunnan tiedotuksia jne. Osallistuminen ryhm\u00e4nohjaajatuokioihin on kaikille pakollista, ja poissaolot tulee selvitt\u00e4\u00e4, kuten muidenkin oppituntien.<\/p><p>Ryhm\u00e4nohjaajan vastuualueet<\/p><ul><li>ryhm\u00e4n l\u00e4hiohjaus<\/li><li>yksil\u00f6- ja pienryhm\u00e4haastattelujen j\u00e4rjest\u00e4minen oman ryhm\u00e4n opiskelijoille<\/li><li>opiskelijan HOPS:n p\u00e4ivitt\u00e4minen yhteisty\u00f6ss\u00e4 opinto-ohjaajan kanssa<\/li><li>opiskelijan opintojen seuranta<\/li><li>opiskelijan kurssi\/opintojaksomuutosten tekeminen<\/li><li>opiskelijan poissaolojen seuranta<\/li><li>luvan my\u00f6nt\u00e4minen etuk\u00e4teen tiedossa oleviin korkeintaan 3 vrk:n poissaoloihin<\/li><li>yhteydenpito huoltajiin<\/li><li>ylioppilastutkintoon ilmoittautumisen tarkistaminen<\/li><\/ul>\t\t\t\t\t\t\t\t<\/div>\n\t\t\t\t<\/div>\n\t\t\t\t\t<\/div>\n\t\t<\/div>\n\t\t\t\t\t<\/div>\n\t\t<\/section>\n\t\t\t\t<section class=\"elementor-section elementor-top-section elementor-element elementor-element-abe261d elementor-section-boxed elementor-section-height-default elementor-section-height-default\" data-id=\"abe261d\" data-element_type=\"section\" data-e-type=\"section\">\n\t\t\t\t\t\t<div class=\"elementor-container elementor-column-gap-default\">\n\t\t\t\t\t<div class=\"elementor-column elementor-col-100 elementor-top-column elementor-element elementor-element-78c1107\" data-id=\"78c1107\" data-element_type=\"column\" data-e-type=\"column\">\n\t\t\t<div class=\"elementor-widget-wrap elementor-element-populated\">\n\t\t\t\t\t\t<div class=\"elementor-element elementor-element-541fc70 elementor-widget elementor-widget-text-editor\" data-id=\"541fc70\" data-element_type=\"widget\" data-e-type=\"widget\" data-widget_type=\"text-editor.default\">\n\t\t\t\t<div class=\"elementor-widget-container\">\n\t\t\t\t\t\t\t\t\t<h3>MUU OHJAUKSEN TY\u00d6NJAKO<\/h3>\n<p>Ohjaukseen osallistuvat opinto-ohjaajan ja ryhm\u00e4nohjaajan lis\u00e4ksi rehtorit, aineenopettajat, erityisopettaja, koulun muu henkil\u00f6st\u00f6 ja tutorit. My\u00f6s opiskelijalla itsell\u00e4\u00e4n on vastuu omien opintojensa ohjauksessa.<\/p>\n<p>Rehtorin vastuualueet<\/p>\n<ul>\n<li>suoritusohjeista poikkeaminen<\/li>\n<li>vapautukset eri oppiaineiden opiskelusta<\/li>\n<li>lupa etuk\u00e4teen tiedossa oleviin yli 3 vrk:n poissaoloihin<\/li>\n<li>ylim\u00e4\u00e4r\u00e4isten poissaolojen selvitt\u00e4minen<\/li>\n<li>lukion ulkopuolisten opintojen hyv\u00e4ksilukeminen opintoihin<\/li>\n<li>ulkomailla suoritettujen opintojen hyv\u00e4ksyminen<\/li>\n<li>ylioppilastutkintoon liittyvien ohjeiden antaminen opiskelijoille<\/li>\n<\/ul>\n<p>Aineenopettajan vastuualueet<\/p>\n<ul>\n<li>ohjaa opiskelijaa opettamansa aineen opiskelutaidoissa<\/li>\n<li>auttaa opiskelijaa kehitt\u00e4m\u00e4\u00e4n oppimaan oppimisen taitoja<\/li>\n<li>tukee opiskelijan jatko-opintovalmiutta ja ty\u00f6el\u00e4m\u00e4tuntemusta oman oppiaineensa osalta korkeakoulujen ja ty\u00f6el\u00e4m\u00e4n kanssa teht\u00e4v\u00e4ss\u00e4 yhteisty\u00f6ss\u00e4<\/li>\n<\/ul>\n<p>Erityisopettajan vastuualueet<\/p>\n<ul>\n<li>pedagoginen tuki: opiskelutaitojen tehostaminen, oppimaan oppiminen, oman opiskelustrategioiden ja omien opiskelutekniikoiden l\u00f6yt\u00e4minen, my\u00f6nteisen min\u00e4kuvan vahvistaminen oppijana, l\u00e4ksyjenteon avustaminen<\/li>\n<li>lukitestaus<\/li>\n<li>opiskeluaikaisten tukitoimien suunnittelu ja kirjaaminen yhteisty\u00f6ss\u00e4 opinto-ohjaajan ja aineenopettajan kanssa<\/li>\n<li>opastaa ylioppilastutkintoa varten tarvittavien erityisj\u00e4rjestely- ja vieraskielisyysanomusten laatimisessa <\/li>\n<\/ul>\n<p>Tutorit<\/p>\n<ul>\n<li>yhteisty\u00f6 ryhm\u00e4nohjaajien ja opinto-ohjaajan kanssa<\/li>\n<li>uusien opiskelijoiden perehdytt\u00e4minen lukion toimintoihin ja tutustuttaminen yhdess\u00e4 ryhm\u00e4nohjaajan kanssa<\/li>\n<li>koulun toiminnan esittely p\u00e4\u00e4tt\u00f6luokkalaisten oppitunneilla sek\u00e4 vanhempainilloissa ja esittelyillassa<\/li>\n<\/ul>\n<p>Muu henkil\u00f6st\u00f6<\/p>\n<ul>\n<li>koulusihteeri on yhteisty\u00f6ss\u00e4 rehtorin, opinto-ohjaajan, ryhm\u00e4nohjaajan, aineenopettajan ja opiskelijan kanssa opintosuorituksiin liittyviss\u00e4 kysymyksiss\u00e4<\/li>\n<li>terveydenhoitaja, koulukuraattori ja koulupsykologi ovat yhteisty\u00f6ss\u00e4 rehtorin, opinto-ohjaajan, ryhm\u00e4nohjaajan, aineenopettajan ja opiskelijan sek\u00e4 huoltajien ja koulun ulkopuolisten tahojen kanssa opiskelijan terveydelliseen hyvinvointiin liittyviss\u00e4 asioissa<\/li>\n<\/ul>\n<p>Opiskelijan oma vastuualue<\/p>\n<ul>\n<li>huolehtii HOPS:n p\u00e4ivitt\u00e4misest\u00e4&nbsp;<\/li>\n<li>kantaa vastuun opintojen etenemisest\u00e4<\/li>\n<li>vastuu omista poissaoloista<\/li>\n<li>tunnistaa oman avun tarpeen ja pyyt\u00e4\u00e4 apua<\/li>\n<\/ul>\t\t\t\t\t\t\t\t<\/div>\n\t\t\t\t<\/div>\n\t\t\t\t\t<\/div>\n\t\t<\/div>\n\t\t\t\t\t<\/div>\n\t\t<\/section>\n\t\t\t\t<\/div>\n\t\t","protected":false},"excerpt":{"rendered":"<p>OPINTO-OHJAUS lv 25-26 Opinto-ohjauksen vuosisuunnitelma opinto-ohjaaja Veera V\u00e4in\u00e4m\u00f6 (vs. Tuula Putkuri) (jatkavat ja x-ryhm\u00e4) s\u00e4hk\u00f6posti veera.vainamo@raisio.fi puh.&nbsp; opinto-ohjaaja Eeva M\u00e4kinen (alkavat ja abit) s\u00e4hk\u00f6posti eeva.makinen@raisio.fi puh. 044-797 1005 Opinto-ohjaajan vastuualueet ohjauksen j\u00e4rjest\u00e4minen ja toteuttaminen opiskelijoiden henkil\u00f6kohtainen ohjaus opiskelijan HOPS:n teko yhteisty\u00f6ss\u00e4 ryhm\u00e4nohjaajien kanssa opiskelijan opinto-ohjelman muuttaminen ja hyv\u00e4ksyminen (esim. pitk\u00e4n matematiikan vaihto, oppiaineen pois j\u00e4tt\u00e4minen) [&hellip;]<\/p>\n","protected":false},"author":1,"featured_media":0,"parent":2438,"menu_order":0,"comment_status":"closed","ping_status":"closed","template":"","meta":{"ocean_post_layout":"","ocean_both_sidebars_style":"","ocean_both_sidebars_content_width":0,"ocean_both_sidebars_sidebars_width":0,"ocean_sidebar":"0","ocean_second_sidebar":"0","ocean_disable_margins":"enable","ocean_add_body_class":"","ocean_shortcode_before_top_bar":"","ocean_shortcode_after_top_bar":"","ocean_shortcode_before_header":"","ocean_shortcode_after_header":"","ocean_has_shortcode":"","ocean_shortcode_after_title":"","ocean_shortcode_before_footer_widgets":"","ocean_shortcode_after_footer_widgets":"","ocean_shortcode_before_footer_bottom":"","ocean_shortcode_after_footer_bottom":"","ocean_display_top_bar":"default","ocean_display_header":"default","ocean_header_style":"","ocean_center_header_left_menu":"0","ocean_custom_header_template":"0","ocean_custom_logo":0,"ocean_custom_retina_logo":0,"ocean_custom_logo_max_width":0,"ocean_custom_logo_tablet_max_width":0,"ocean_custom_logo_mobile_max_width":0,"ocean_custom_logo_max_height":0,"ocean_custom_logo_tablet_max_height":0,"ocean_custom_logo_mobile_max_height":0,"ocean_header_custom_menu":"0","ocean_menu_typo_font_family":"0","ocean_menu_typo_font_subset":"","ocean_menu_typo_font_size":0,"ocean_menu_typo_font_size_tablet":0,"ocean_menu_typo_font_size_mobile":0,"ocean_menu_typo_font_size_unit":"px","ocean_menu_typo_font_weight":"","ocean_menu_typo_font_weight_tablet":"","ocean_menu_typo_font_weight_mobile":"","ocean_menu_typo_transform":"","ocean_menu_typo_transform_tablet":"","ocean_menu_typo_transform_mobile":"","ocean_menu_typo_line_height":0,"ocean_menu_typo_line_height_tablet":0,"ocean_menu_typo_line_height_mobile":0,"ocean_menu_typo_line_height_unit":"","ocean_menu_typo_spacing":0,"ocean_menu_typo_spacing_tablet":0,"ocean_menu_typo_spacing_mobile":0,"ocean_menu_typo_spacing_unit":"","ocean_menu_link_color":"","ocean_menu_link_color_hover":"","ocean_menu_link_color_active":"","ocean_menu_link_background":"","ocean_menu_link_hover_background":"","ocean_menu_link_active_background":"","ocean_menu_social_links_bg":"","ocean_menu_social_hover_links_bg":"","ocean_menu_social_links_color":"","ocean_menu_social_hover_links_color":"","ocean_disable_title":"default","ocean_disable_heading":"default","ocean_post_title":"","ocean_post_subheading":"","ocean_post_title_style":"","ocean_post_title_background_color":"","ocean_post_title_background":0,"ocean_post_title_bg_image_position":"","ocean_post_title_bg_image_attachment":"","ocean_post_title_bg_image_repeat":"","ocean_post_title_bg_image_size":"","ocean_post_title_height":0,"ocean_post_title_bg_overlay":0.5,"ocean_post_title_bg_overlay_color":"","ocean_disable_breadcrumbs":"default","ocean_breadcrumbs_color":"","ocean_breadcrumbs_separator_color":"","ocean_breadcrumbs_links_color":"","ocean_breadcrumbs_links_hover_color":"","ocean_display_footer_widgets":"default","ocean_display_footer_bottom":"default","ocean_custom_footer_template":"0","footnotes":""},"class_list":["post-2424","page","type-page","status-publish","hentry","entry"],"_links":{"self":[{"href":"https:\/\/www.raisionlukio.fi\/index.php?rest_route=\/wp\/v2\/pages\/2424","targetHints":{"allow":["GET"]}}],"collection":[{"href":"https:\/\/www.raisionlukio.fi\/index.php?rest_route=\/wp\/v2\/pages"}],"about":[{"href":"https:\/\/www.raisionlukio.fi\/index.php?rest_route=\/wp\/v2\/types\/page"}],"author":[{"embeddable":true,"href":"https:\/\/www.raisionlukio.fi\/index.php?rest_route=\/wp\/v2\/users\/1"}],"replies":[{"embeddable":true,"href":"https:\/\/www.raisionlukio.fi\/index.php?rest_route=%2Fwp%2Fv2%2Fcomments&post=2424"}],"version-history":[{"count":20,"href":"https:\/\/www.raisionlukio.fi\/index.php?rest_route=\/wp\/v2\/pages\/2424\/revisions"}],"predecessor-version":[{"id":4942,"href":"https:\/\/www.raisionlukio.fi\/index.php?rest_route=\/wp\/v2\/pages\/2424\/revisions\/4942"}],"up":[{"embeddable":true,"href":"https:\/\/www.raisionlukio.fi\/index.php?rest_route=\/wp\/v2\/pages\/2438"}],"wp:attachment":[{"href":"https:\/\/www.raisionlukio.fi\/index.php?rest_route=%2Fwp%2Fv2%2Fmedia&parent=2424"}],"curies":[{"name":"wp","href":"https:\/\/api.w.org\/{rel}","templated":true}]}}