{"id":2420,"date":"2020-05-22T11:09:00","date_gmt":"2020-05-22T08:09:00","guid":{"rendered":"http:\/\/10.3.14.4\/?page_id=2420"},"modified":"2025-08-07T11:45:25","modified_gmt":"2025-08-07T08:45:25","slug":"ohjaus","status":"publish","type":"page","link":"https:\/\/www.raisionlukio.fi\/?page_id=2420","title":{"rendered":"OPISKELIJAHUOLTO"},"content":{"rendered":"\t\t<div data-elementor-type=\"wp-page\" data-elementor-id=\"2420\" class=\"elementor elementor-2420\">\n\t\t\t\t\t\t<section class=\"elementor-section elementor-top-section elementor-element elementor-element-06995ce elementor-section-boxed elementor-section-height-default elementor-section-height-default\" data-id=\"06995ce\" data-element_type=\"section\" data-e-type=\"section\">\n\t\t\t\t\t\t<div class=\"elementor-container elementor-column-gap-default\">\n\t\t\t\t\t<div class=\"elementor-column elementor-col-33 elementor-top-column elementor-element elementor-element-d3f7603\" data-id=\"d3f7603\" data-element_type=\"column\" data-e-type=\"column\">\n\t\t\t<div class=\"elementor-widget-wrap elementor-element-populated\">\n\t\t\t\t\t\t<div class=\"elementor-element elementor-element-22d9681 elementor-widget elementor-widget-text-editor\" data-id=\"22d9681\" data-element_type=\"widget\" data-e-type=\"widget\" data-widget_type=\"text-editor.default\">\n\t\t\t\t<div class=\"elementor-widget-container\">\n\t\t\t\t\t\t\t\t\t<h3>OPISKELIJAHUOLTO<\/h3><p><a href=\"https:\/\/drive.google.com\/file\/d\/1iwJ5h5e999aRXtX5D9MNuJBNB2g-e8lu\/view?usp=sharing\">Raision lukion opiskeluhuoltosuunnitelma<\/a><\/p><p><b>Terveydenhoitajat<\/b><\/p><p>Yhteydenotot soittaen 044-797 1078 tai Wilma-viestill\u00e4<\/p><p>Maria Tel\u00e9n, lukiolla ma, to 8-15 ja pe klo 8-14, Vaisaaren\/Tiedonpuiston koululla ti ja ke klo 8-15. Avovastaanottoaika ma, to ja pe klo 10:40-11:00<\/p><p>Henna Salmi lukiolla parilliset ke klo 8-15<\/p><p><strong>Koulukuraattori<\/strong> Vuokko Suonp\u00e4\u00e4, 040-0624605 tai Wilma-viesti<\/p><p><strong>Koulupsykologi<\/strong> Laura Saloluoma, 040-5596413 tai Wilma-viesti<\/p><h3>KOULUKURAATTORI<\/h3><p>Koulukuraattorin ty\u00f6n tavoitteena on opiskelijoiden sosiaalisen hyvinvoinnin, opiskelun sek\u00e4 el\u00e4m\u00e4nhallinnan tukeminen. Koulukuraattorin tuki on opiskelijalle vapaaehtoista ja maksutonta. Ota ihmeess\u00e4 yhteytt\u00e4, jos sinua mietitytt\u00e4v\u00e4t esimerkiksi:<\/p><ul><li>ristiriidat kotona<\/li><li>mieliala<\/li><li>yksin\u00e4isyys \/ kaverisuhteet \/ seurusteluasiat<\/li><li>opiskelumotivaatio<\/li><li>vapaa-ajanvietto \/ vapaa-ajan ja opiskelun<\/li><li>yhteensovittaminen<\/li><li>itsen\u00e4istymiseen ja sosiaalietuuksiin liittyv\u00e4t asiat<\/li><\/ul><p>Koulukuraattori on p\u00e4\u00e4s\u00e4\u00e4nt\u00f6isesti tavattavissa torstaisin ja perjantaisin sek\u00e4 joka toinen keskiviikko. Yhteyden saa parhaiten puhelimitse (Whatsapp, tekstari) 040-0624605 tai s\u00e4hk\u00f6postilla vuokko.suonpaa@varha.fi. Voit my\u00f6s tulla ty\u00f6huoneelleni varaamaan ajan.<\/p><h3>PSYKOLOGI<\/h3><p>Opiskeluaikana saattaa tulla aikoja, jolloin tarvitaan lis\u00e4tukea omalle jaksamiselle ja hyvinvoinnille. Raision lukiossa toimii psykologi, jonka teht\u00e4v\u00e4n\u00e4 on tukea ja edist\u00e4\u00e4 opiskelijoiden hyvinvointia, mielenterveytt\u00e4 ja opintojen etenemist\u00e4. Tarvittaessa h\u00e4n antaa tietoa muista nuoria auttavista tahoista tai ohjaa niihin.<\/p><p>Vastaanotolle voi tulla keskustelemaan luottamuksellisesti mielt\u00e4 painavista asioista. Voit ottaa yhteytt\u00e4, jos sinulla on esim.:<\/p><ul><li>opiskeluvaikeuksia<\/li><li>mielialaongelmia<\/li><li>ahdistuneisuutta<\/li><li>j\u00e4nnitt\u00e4mist\u00e4<\/li><li>paniikkioireilua<\/li><li>arjen sujumista h\u00e4iritsev\u00e4\u00e4 stressi\u00e4<\/li><li>motivaatio-ongelmia<\/li><li>itsetunto-ongelmia<\/li><li>ihmissuhdehuolia<\/li><li>kysymyksi\u00e4 seksuaalisuuteen liittyen<\/li><li>sy\u00f6miseen liittyvi\u00e4 ongelmia<\/li><li>univaikeuksia<\/li><li>kysymyksi\u00e4 p\u00e4ihteisiin liittyen<\/li><li>pulmia ajank\u00e4yt\u00f6n rajaamisessa, esim. pelaamisen suhteen<\/li><\/ul><p>Yhteytt\u00e4 psykologiin voi ottaa s\u00e4hk\u00f6postilla. Ajan voi varata my\u00f6s terveydenhoitajan, opinto-ohjaajan tai ryhm\u00e4nohjaajan kautta. Palvelu on opiskelijoille maksuton. Psykologilla on vaitiolovelvollisuus. Psykologille voi varata ajan lukiolle maanantaille ja tiistaille.<\/p><p>Eth\u00e4n j\u00e4\u00e4 yksin ongelmien tai kysymystesi kanssa, vaan tule juttelemaan vastaanotolle. Ei ole olemassa liian outoja\/tyhmi\u00e4\/hassuja tms. kysymyksi<\/p>\t\t\t\t\t\t\t\t<\/div>\n\t\t\t\t<\/div>\n\t\t\t\t\t<\/div>\n\t\t<\/div>\n\t\t\t\t<div class=\"elementor-column elementor-col-66 elementor-top-column elementor-element elementor-element-cf90ec6\" data-id=\"cf90ec6\" data-element_type=\"column\" data-e-type=\"column\">\n\t\t\t<div class=\"elementor-widget-wrap elementor-element-populated\">\n\t\t\t\t\t\t<div class=\"elementor-element elementor-element-10cdab7 elementor-widget elementor-widget-image\" data-id=\"10cdab7\" data-element_type=\"widget\" data-e-type=\"widget\" data-widget_type=\"image.default\">\n\t\t\t\t<div class=\"elementor-widget-container\">\n\t\t\t\t\t\t\t\t\t\t\t\t\t\t\t<img decoding=\"async\" width=\"150\" height=\"150\" src=\"https:\/\/www.raisionlukio.fi\/wp-content\/uploads\/2020\/07\/opiskelijahuolto.jpg\" class=\"attachment-large size-large wp-image-3120\" alt=\"\" \/>\t\t\t\t\t\t\t\t\t\t\t\t\t\t\t<\/div>\n\t\t\t\t<\/div>\n\t\t\t\t\t<\/div>\n\t\t<\/div>\n\t\t\t\t\t<\/div>\n\t\t<\/section>\n\t\t\t\t<section class=\"elementor-section elementor-top-section elementor-element elementor-element-95778d7 elementor-section-boxed elementor-section-height-default elementor-section-height-default\" data-id=\"95778d7\" data-element_type=\"section\" data-e-type=\"section\">\n\t\t\t\t\t\t<div class=\"elementor-container elementor-column-gap-default\">\n\t\t\t\t\t<div class=\"elementor-column elementor-col-100 elementor-top-column elementor-element elementor-element-bed1df5\" data-id=\"bed1df5\" data-element_type=\"column\" data-e-type=\"column\">\n\t\t\t<div class=\"elementor-widget-wrap\">\n\t\t\t\t\t\t\t<\/div>\n\t\t<\/div>\n\t\t\t\t\t<\/div>\n\t\t<\/section>\n\t\t\t\t<\/div>\n\t\t","protected":false},"excerpt":{"rendered":"<p>OPISKELIJAHUOLTO Raision lukion opiskeluhuoltosuunnitelma Terveydenhoitajat Yhteydenotot soittaen 044-797 1078 tai Wilma-viestill\u00e4 Maria Tel\u00e9n, lukiolla ma, to 8-15 ja pe klo 8-14, Vaisaaren\/Tiedonpuiston koululla ti ja ke klo 8-15. Avovastaanottoaika ma, to ja pe klo 10:40-11:00 Henna Salmi lukiolla parilliset ke klo 8-15 Koulukuraattori Vuokko Suonp\u00e4\u00e4, 040-0624605 tai Wilma-viesti Koulupsykologi Laura Saloluoma, 040-5596413 tai Wilma-viesti KOULUKURAATTORI [&hellip;]<\/p>\n","protected":false},"author":1,"featured_media":0,"parent":2438,"menu_order":0,"comment_status":"closed","ping_status":"closed","template":"","meta":{"ocean_post_layout":"","ocean_both_sidebars_style":"","ocean_both_sidebars_content_width":0,"ocean_both_sidebars_sidebars_width":0,"ocean_sidebar":"0","ocean_second_sidebar":"0","ocean_disable_margins":"enable","ocean_add_body_class":"","ocean_shortcode_before_top_bar":"","ocean_shortcode_after_top_bar":"","ocean_shortcode_before_header":"","ocean_shortcode_after_header":"","ocean_has_shortcode":"","ocean_shortcode_after_title":"","ocean_shortcode_before_footer_widgets":"","ocean_shortcode_after_footer_widgets":"","ocean_shortcode_before_footer_bottom":"","ocean_shortcode_after_footer_bottom":"","ocean_display_top_bar":"default","ocean_display_header":"default","ocean_header_style":"","ocean_center_header_left_menu":"0","ocean_custom_header_template":"0","ocean_custom_logo":0,"ocean_custom_retina_logo":0,"ocean_custom_logo_max_width":0,"ocean_custom_logo_tablet_max_width":0,"ocean_custom_logo_mobile_max_width":0,"ocean_custom_logo_max_height":0,"ocean_custom_logo_tablet_max_height":0,"ocean_custom_logo_mobile_max_height":0,"ocean_header_custom_menu":"0","ocean_menu_typo_font_family":"0","ocean_menu_typo_font_subset":"","ocean_menu_typo_font_size":0,"ocean_menu_typo_font_size_tablet":0,"ocean_menu_typo_font_size_mobile":0,"ocean_menu_typo_font_size_unit":"px","ocean_menu_typo_font_weight":"","ocean_menu_typo_font_weight_tablet":"","ocean_menu_typo_font_weight_mobile":"","ocean_menu_typo_transform":"","ocean_menu_typo_transform_tablet":"","ocean_menu_typo_transform_mobile":"","ocean_menu_typo_line_height":0,"ocean_menu_typo_line_height_tablet":0,"ocean_menu_typo_line_height_mobile":0,"ocean_menu_typo_line_height_unit":"","ocean_menu_typo_spacing":0,"ocean_menu_typo_spacing_tablet":0,"ocean_menu_typo_spacing_mobile":0,"ocean_menu_typo_spacing_unit":"","ocean_menu_link_color":"","ocean_menu_link_color_hover":"","ocean_menu_link_color_active":"","ocean_menu_link_background":"","ocean_menu_link_hover_background":"","ocean_menu_link_active_background":"","ocean_menu_social_links_bg":"","ocean_menu_social_hover_links_bg":"","ocean_menu_social_links_color":"","ocean_menu_social_hover_links_color":"","ocean_disable_title":"default","ocean_disable_heading":"default","ocean_post_title":"","ocean_post_subheading":"","ocean_post_title_style":"","ocean_post_title_background_color":"","ocean_post_title_background":0,"ocean_post_title_bg_image_position":"","ocean_post_title_bg_image_attachment":"","ocean_post_title_bg_image_repeat":"","ocean_post_title_bg_image_size":"","ocean_post_title_height":0,"ocean_post_title_bg_overlay":0.5,"ocean_post_title_bg_overlay_color":"","ocean_disable_breadcrumbs":"default","ocean_breadcrumbs_color":"","ocean_breadcrumbs_separator_color":"","ocean_breadcrumbs_links_color":"","ocean_breadcrumbs_links_hover_color":"","ocean_display_footer_widgets":"default","ocean_display_footer_bottom":"default","ocean_custom_footer_template":"0","footnotes":""},"class_list":["post-2420","page","type-page","status-publish","hentry","entry"],"_links":{"self":[{"href":"https:\/\/www.raisionlukio.fi\/index.php?rest_route=\/wp\/v2\/pages\/2420","targetHints":{"allow":["GET"]}}],"collection":[{"href":"https:\/\/www.raisionlukio.fi\/index.php?rest_route=\/wp\/v2\/pages"}],"about":[{"href":"https:\/\/www.raisionlukio.fi\/index.php?rest_route=\/wp\/v2\/types\/page"}],"author":[{"embeddable":true,"href":"https:\/\/www.raisionlukio.fi\/index.php?rest_route=\/wp\/v2\/users\/1"}],"replies":[{"embeddable":true,"href":"https:\/\/www.raisionlukio.fi\/index.php?rest_route=%2Fwp%2Fv2%2Fcomments&post=2420"}],"version-history":[{"count":20,"href":"https:\/\/www.raisionlukio.fi\/index.php?rest_route=\/wp\/v2\/pages\/2420\/revisions"}],"predecessor-version":[{"id":4855,"href":"https:\/\/www.raisionlukio.fi\/index.php?rest_route=\/wp\/v2\/pages\/2420\/revisions\/4855"}],"up":[{"embeddable":true,"href":"https:\/\/www.raisionlukio.fi\/index.php?rest_route=\/wp\/v2\/pages\/2438"}],"wp:attachment":[{"href":"https:\/\/www.raisionlukio.fi\/index.php?rest_route=%2Fwp%2Fv2%2Fmedia&parent=2420"}],"curies":[{"name":"wp","href":"https:\/\/api.w.org\/{rel}","templated":true}]}}