{"id":2397,"date":"2020-05-22T09:54:01","date_gmt":"2020-05-22T06:54:01","guid":{"rendered":"http:\/\/10.3.14.4\/?page_id=2397"},"modified":"2022-09-27T10:50:31","modified_gmt":"2022-09-27T07:50:31","slug":"ylioppilastutkinto","status":"publish","type":"page","link":"https:\/\/www.raisionlukio.fi\/?page_id=2397","title":{"rendered":"YLIOPPILASTUTKINTO"},"content":{"rendered":"\t\t<div data-elementor-type=\"wp-page\" data-elementor-id=\"2397\" class=\"elementor elementor-2397\">\n\t\t\t\t\t\t<section class=\"elementor-section elementor-top-section elementor-element elementor-element-a425dac elementor-section-boxed elementor-section-height-default elementor-section-height-default\" data-id=\"a425dac\" data-element_type=\"section\" data-e-type=\"section\">\n\t\t\t\t\t\t<div class=\"elementor-container elementor-column-gap-default\">\n\t\t\t\t\t<div class=\"elementor-column elementor-col-33 elementor-top-column elementor-element elementor-element-efa15ac\" data-id=\"efa15ac\" data-element_type=\"column\" data-e-type=\"column\">\n\t\t\t<div class=\"elementor-widget-wrap elementor-element-populated\">\n\t\t\t\t\t\t<div class=\"elementor-element elementor-element-368932b elementor-widget elementor-widget-text-editor\" data-id=\"368932b\" data-element_type=\"widget\" data-e-type=\"widget\" data-widget_type=\"text-editor.default\">\n\t\t\t\t<div class=\"elementor-widget-container\">\n\t\t\t\t\t\t\t\t\t<h3>Osallistumisoikeus ylioppilaskirjoituksiin<\/h3><p>Opiskelijalla on oikeus osallistua ylioppilaskokeeseen, kun h\u00e4n on opiskellut ennen kirjallista koetta v\u00e4hint\u00e4\u00e4n asianomaisen oppiaineen pakolliset kurssit. Opiskelijalla on oikeus osallistua vieraan kielen lyhyen oppim\u00e4\u00e4r\u00e4n kokeeseen, kun h\u00e4n on opiskellut v\u00e4hint\u00e4\u00e4n kolme kurssia t\u00e4t\u00e4 kielt\u00e4.<\/p><p>Opiskelija ei saa ylioppilastodistusta, ennen kuin h\u00e4n saa lukion p\u00e4\u00e4tt\u00f6todistuksen.<\/p><h3>Ilmoittautuminen ylioppilaskirjoituksiin<\/h3><p>Ilmoittautuminen kev\u00e4\u00e4n ylioppilaskirjoituksiin on marraskuussa ja syksyn kirjoituksiin toukokuussa. Tarkemmat ajat n\u00e4kyv\u00e4t lukion kalenterissa.<\/p><p>Lautakunnalle l\u00e4hetetty ilmoittautuminen on aina sitova.<\/p><p><strong>Ilmoittautuminen tehd\u00e4\u00e4n Wilman kautta.\u00a0<\/strong><\/p><h3>Korottajat ja t\u00e4ydent\u00e4j\u00e4t<\/h3><p><strong>Ilmoittautuminen<\/strong>: Lukiosta jo valmistuneiden korottajien tulee olla yhteydess\u00e4 koulusihteeriin (jaana.lahtinen@raisio.fi). Koulusihteeri aktivoi Wilma-tunnukset uudelleen k\u00e4ytt\u00f6\u00f6n ja l\u00e4hett\u00e4\u00e4 ilmoittautumisohjeet.<\/p><p><strong>Muut ohjeet<\/strong>: lue <em><a href=\"https:\/\/docs.google.com\/document\/d\/17CQN4MX6ivRr8Z1UNru4KRsps95IsZhLdYmXok9UVRw\/edit?usp=sharing\">t\u00e4st\u00e4 tiedostosta<\/a><\/em> ohjeet laitevaatimuksista sek\u00e4 koep\u00e4iv\u00e4n aikatauluista.<\/p><h3>Kev\u00e4\u00e4ll\u00e4 ylioppilaaksi aikovan suoritukset<\/h3><p>P\u00e4\u00e4tt\u00f6todistuksen saamiseksi kaikkien kurssien on oltava valmiina viimeist\u00e4\u00e4n 5.5. tai sit\u00e4 seuraavana arkip\u00e4iv\u00e4n\u00e4. Jos n\u00e4in ei ole, opiskelijan p\u00e4\u00e4tt\u00f6- ja ylioppilastodistuksen saaminen saattaa siirty\u00e4 syksyyn.<\/p><h3>Syksyll\u00e4 ylioppilaaksi aikovan suoritukset<\/h3><p>P\u00e4\u00e4tt\u00f6todistuksen saamiseksi kaikkien kurssien on oltava valmiina viimeist\u00e4\u00e4n 4.11. tai sit\u00e4 seuraavana arkip\u00e4iv\u00e4n\u00e4. Jos n\u00e4in ei ole, opiskelijan p\u00e4\u00e4tt\u00f6- ja ylioppilastodistuksen saaminen saattaa siirty\u00e4 kev\u00e4\u00e4seen.<\/p><p><strong>Ennen kirjoituksiin osallistumista opiskelijan tulee osallistua yo-infotilaisuuksiin.<\/strong><\/p><ul><li>Lis\u00e4tietoa ylioppilaskirjoituksista l\u00f6ytyy <strong><a href=\"https:\/\/www.ylioppilastutkinto.fi\/ylioppilastutkinto\">YTL:n sivuilta<\/a><\/strong>.<\/li><\/ul>\t\t\t\t\t\t\t\t<\/div>\n\t\t\t\t<\/div>\n\t\t\t\t\t<\/div>\n\t\t<\/div>\n\t\t\t\t<div class=\"elementor-column elementor-col-66 elementor-top-column elementor-element elementor-element-2b1dcdd\" data-id=\"2b1dcdd\" data-element_type=\"column\" data-e-type=\"column\">\n\t\t\t<div class=\"elementor-widget-wrap elementor-element-populated\">\n\t\t\t\t\t\t<div class=\"elementor-element elementor-element-5015454 elementor-widget elementor-widget-image\" data-id=\"5015454\" data-element_type=\"widget\" data-e-type=\"widget\" data-widget_type=\"image.default\">\n\t\t\t\t<div class=\"elementor-widget-container\">\n\t\t\t\t\t\t\t\t\t\t\t\t\t\t\t<img decoding=\"async\" width=\"150\" height=\"150\" src=\"https:\/\/www.raisionlukio.fi\/wp-content\/uploads\/2020\/07\/ylioppilastutkinto.jpg\" class=\"attachment-large size-large wp-image-3118\" alt=\"\" \/>\t\t\t\t\t\t\t\t\t\t\t\t\t\t\t<\/div>\n\t\t\t\t<\/div>\n\t\t\t\t\t<\/div>\n\t\t<\/div>\n\t\t\t\t\t<\/div>\n\t\t<\/section>\n\t\t\t\t<section class=\"elementor-section elementor-top-section elementor-element elementor-element-248fdce elementor-section-boxed elementor-section-height-default elementor-section-height-default\" data-id=\"248fdce\" data-element_type=\"section\" data-e-type=\"section\">\n\t\t\t\t\t\t<div class=\"elementor-container elementor-column-gap-default\">\n\t\t\t\t\t<div class=\"elementor-column elementor-col-100 elementor-top-column elementor-element elementor-element-4e00696\" data-id=\"4e00696\" data-element_type=\"column\" data-e-type=\"column\">\n\t\t\t<div class=\"elementor-widget-wrap\">\n\t\t\t\t\t\t\t<\/div>\n\t\t<\/div>\n\t\t\t\t\t<\/div>\n\t\t<\/section>\n\t\t\t\t<\/div>\n\t\t","protected":false},"excerpt":{"rendered":"<p>Osallistumisoikeus ylioppilaskirjoituksiin Opiskelijalla on oikeus osallistua ylioppilaskokeeseen, kun h\u00e4n on opiskellut ennen kirjallista koetta v\u00e4hint\u00e4\u00e4n asianomaisen oppiaineen pakolliset kurssit. Opiskelijalla on oikeus osallistua vieraan kielen lyhyen oppim\u00e4\u00e4r\u00e4n kokeeseen, kun h\u00e4n on opiskellut v\u00e4hint\u00e4\u00e4n kolme kurssia t\u00e4t\u00e4 kielt\u00e4. Opiskelija ei saa ylioppilastodistusta, ennen kuin h\u00e4n saa lukion p\u00e4\u00e4tt\u00f6todistuksen. Ilmoittautuminen ylioppilaskirjoituksiin Ilmoittautuminen kev\u00e4\u00e4n ylioppilaskirjoituksiin on marraskuussa ja [&hellip;]<\/p>\n","protected":false},"author":1,"featured_media":0,"parent":2401,"menu_order":0,"comment_status":"closed","ping_status":"closed","template":"","meta":{"ocean_post_layout":"","ocean_both_sidebars_style":"","ocean_both_sidebars_content_width":0,"ocean_both_sidebars_sidebars_width":0,"ocean_sidebar":"0","ocean_second_sidebar":"0","ocean_disable_margins":"enable","ocean_add_body_class":"","ocean_shortcode_before_top_bar":"","ocean_shortcode_after_top_bar":"","ocean_shortcode_before_header":"","ocean_shortcode_after_header":"","ocean_has_shortcode":"","ocean_shortcode_after_title":"","ocean_shortcode_before_footer_widgets":"","ocean_shortcode_after_footer_widgets":"","ocean_shortcode_before_footer_bottom":"","ocean_shortcode_after_footer_bottom":"","ocean_display_top_bar":"default","ocean_display_header":"default","ocean_header_style":"","ocean_center_header_left_menu":"0","ocean_custom_header_template":"0","ocean_custom_logo":0,"ocean_custom_retina_logo":0,"ocean_custom_logo_max_width":0,"ocean_custom_logo_tablet_max_width":0,"ocean_custom_logo_mobile_max_width":0,"ocean_custom_logo_max_height":0,"ocean_custom_logo_tablet_max_height":0,"ocean_custom_logo_mobile_max_height":0,"ocean_header_custom_menu":"0","ocean_menu_typo_font_family":"0","ocean_menu_typo_font_subset":"","ocean_menu_typo_font_size":0,"ocean_menu_typo_font_size_tablet":0,"ocean_menu_typo_font_size_mobile":0,"ocean_menu_typo_font_size_unit":"px","ocean_menu_typo_font_weight":"","ocean_menu_typo_font_weight_tablet":"","ocean_menu_typo_font_weight_mobile":"","ocean_menu_typo_transform":"","ocean_menu_typo_transform_tablet":"","ocean_menu_typo_transform_mobile":"","ocean_menu_typo_line_height":0,"ocean_menu_typo_line_height_tablet":0,"ocean_menu_typo_line_height_mobile":0,"ocean_menu_typo_line_height_unit":"","ocean_menu_typo_spacing":0,"ocean_menu_typo_spacing_tablet":0,"ocean_menu_typo_spacing_mobile":0,"ocean_menu_typo_spacing_unit":"","ocean_menu_link_color":"","ocean_menu_link_color_hover":"","ocean_menu_link_color_active":"","ocean_menu_link_background":"","ocean_menu_link_hover_background":"","ocean_menu_link_active_background":"","ocean_menu_social_links_bg":"","ocean_menu_social_hover_links_bg":"","ocean_menu_social_links_color":"","ocean_menu_social_hover_links_color":"","ocean_disable_title":"default","ocean_disable_heading":"default","ocean_post_title":"","ocean_post_subheading":"","ocean_post_title_style":"","ocean_post_title_background_color":"","ocean_post_title_background":0,"ocean_post_title_bg_image_position":"","ocean_post_title_bg_image_attachment":"","ocean_post_title_bg_image_repeat":"","ocean_post_title_bg_image_size":"","ocean_post_title_height":0,"ocean_post_title_bg_overlay":0.5,"ocean_post_title_bg_overlay_color":"","ocean_disable_breadcrumbs":"default","ocean_breadcrumbs_color":"","ocean_breadcrumbs_separator_color":"","ocean_breadcrumbs_links_color":"","ocean_breadcrumbs_links_hover_color":"","ocean_display_footer_widgets":"default","ocean_display_footer_bottom":"default","ocean_custom_footer_template":"0","footnotes":""},"class_list":["post-2397","page","type-page","status-publish","hentry","entry"],"_links":{"self":[{"href":"https:\/\/www.raisionlukio.fi\/index.php?rest_route=\/wp\/v2\/pages\/2397","targetHints":{"allow":["GET"]}}],"collection":[{"href":"https:\/\/www.raisionlukio.fi\/index.php?rest_route=\/wp\/v2\/pages"}],"about":[{"href":"https:\/\/www.raisionlukio.fi\/index.php?rest_route=\/wp\/v2\/types\/page"}],"author":[{"embeddable":true,"href":"https:\/\/www.raisionlukio.fi\/index.php?rest_route=\/wp\/v2\/users\/1"}],"replies":[{"embeddable":true,"href":"https:\/\/www.raisionlukio.fi\/index.php?rest_route=%2Fwp%2Fv2%2Fcomments&post=2397"}],"version-history":[{"count":13,"href":"https:\/\/www.raisionlukio.fi\/index.php?rest_route=\/wp\/v2\/pages\/2397\/revisions"}],"predecessor-version":[{"id":4065,"href":"https:\/\/www.raisionlukio.fi\/index.php?rest_route=\/wp\/v2\/pages\/2397\/revisions\/4065"}],"up":[{"embeddable":true,"href":"https:\/\/www.raisionlukio.fi\/index.php?rest_route=\/wp\/v2\/pages\/2401"}],"wp:attachment":[{"href":"https:\/\/www.raisionlukio.fi\/index.php?rest_route=%2Fwp%2Fv2%2Fmedia&parent=2397"}],"curies":[{"name":"wp","href":"https:\/\/api.w.org\/{rel}","templated":true}]}}