{"id":2382,"date":"2020-05-22T08:47:34","date_gmt":"2020-05-22T05:47:34","guid":{"rendered":"http:\/\/10.3.14.4\/?page_id=2382"},"modified":"2026-01-19T09:50:51","modified_gmt":"2026-01-19T07:50:51","slug":"yleiset-ohjeet","status":"publish","type":"page","link":"https:\/\/www.raisionlukio.fi\/?page_id=2382","title":{"rendered":"YLEISET OHJEET"},"content":{"rendered":"\t\t<div data-elementor-type=\"wp-page\" data-elementor-id=\"2382\" class=\"elementor elementor-2382\">\n\t\t\t\t\t\t<section class=\"elementor-section elementor-top-section elementor-element elementor-element-398adfa elementor-section-boxed elementor-section-height-default elementor-section-height-default\" data-id=\"398adfa\" data-element_type=\"section\" data-e-type=\"section\">\n\t\t\t\t\t\t<div class=\"elementor-container elementor-column-gap-default\">\n\t\t\t\t\t<div class=\"elementor-column elementor-col-100 elementor-top-column elementor-element elementor-element-2d6f334\" data-id=\"2d6f334\" data-element_type=\"column\" data-e-type=\"column\">\n\t\t\t<div class=\"elementor-widget-wrap elementor-element-populated\">\n\t\t\t\t\t\t<div class=\"elementor-element elementor-element-bf2ba75 elementor-widget elementor-widget-text-editor\" data-id=\"bf2ba75\" data-element_type=\"widget\" data-e-type=\"widget\" data-widget_type=\"text-editor.default\">\n\t\t\t\t<div class=\"elementor-widget-container\">\n\t\t\t\t\t\t\t\t\t<h3>1 Opiskeluaika<\/h3><p>Lukion oppim\u00e4\u00e4r\u00e4 suoritetaan yleens\u00e4 kolmessa vuodessa. Lukion oppim\u00e4\u00e4r\u00e4 tulee suorittaa enint\u00e4\u00e4n nelj\u00e4ss\u00e4 vuodessa, jollei perustellusta syyst\u00e4 (esim. pitk\u00e4aikainen sairaus) my\u00f6nnet\u00e4 suoritusaikaan pidennyst\u00e4. Opiskelija, joka ei ole suorittanut lukion oppim\u00e4\u00e4r\u00e4\u00e4 mainitussa ajassa, katsotaan eronneeksi. Eronneeksi katsotaan my\u00f6s opiskelija, joka p\u00e4tev\u00e4\u00e4 syyt\u00e4 ilmoittamatta on poissa opetuksesta (lukiolaki \u00a7 24).<\/p><h3>2 Opintojen keskeytt\u00e4minen ja erotodistus<\/h3><p>Keskeytt\u00e4misest\u00e4 on aina keskusteltava ensin opinto-ohjaajan ja rehtorin kanssa. Luvan opintojen keskeytt\u00e4miseen my\u00f6nt\u00e4\u00e4 rehtori. Jos opiskelija eroaa koulusta, h\u00e4n saa suorituksistaan erillisen todistuksen. Alle 18-vuotiaan pit\u00e4\u00e4 esitt\u00e4\u00e4 sek\u00e4 keskeytt\u00e4miseen ett\u00e4 eroamiseen huoltajan allekirjoittama kirjallinen suostumus.<\/p><h3>3 Poissaolot<\/h3><p>Mik\u00e4li opiskelija on poissa oppitunnilta, opettaja merkitsee poissaolon Wilmaan saman p\u00e4iv\u00e4n aikana. Kolme my\u00f6h\u00e4stymist\u00e4 merkit\u00e4\u00e4n poissaolotunniksi. Kaikki poissaolot lukion oppitunneilta on selvitett\u00e4v\u00e4 ja <strong>jokainen poissaolo on korvattava opettajan m\u00e4\u00e4r\u00e4\u00e4m\u00e4ll\u00e4 tavalla<\/strong> ennen kuin tai opintojakso voidaan arvioida. Poissaolot tulee selvitt\u00e4\u00e4 ennen jakson arviointiviikon alkua.<\/p><p>Huoltaja selvitt\u00e4\u00e4 alle 18-vuotiaan poissaolot Wilmassa. T\u00e4ysi-ik\u00e4inen opiskelija esitt\u00e4\u00e4 l\u00e4\u00e4k\u00e4rin- tai terveydenhoitajan todistuksen tms. tai huoltaja jatkaa poissaolojen hyv\u00e4ksymist\u00e4 Wilmassa. T\u00e4ll\u00f6in opiskelijan tulee antaa huoltajalle Wilman k\u00e4ytt\u00f6lupa. Poissaolon voi merkit\u00e4 selvitetyksi my\u00f6s koulun opetus- tai oppilashuollon henkil\u00f6st\u00f6\u00f6n kuuluva ryhm\u00e4nohjaaja, opinto-ohjaaja, terveydenhoitaja, koulupsykologi, koulukuraattori tai rehtori opiskelijan selvityksen perusteella. Arviointiviikolla poissaolosta opiskelijan tulee pyydett\u00e4ess\u00e4 esitt\u00e4\u00e4 l\u00e4\u00e4k\u00e4rin tai terveydenhoitajan todistus.<\/p><p>Jos opiskelija on opintojaksolta poissa enemm\u00e4n kuin kolme opetuskertaa, tulee h\u00e4nen keskustella opintojakson opettajan kanssa, onko en\u00e4\u00e4 mahdollista suorittaa poissaolot korvaavia teht\u00e4vi\u00e4. Opettajan m\u00e4\u00e4r\u00e4\u00e4m\u00e4t korvaavat teht\u00e4v\u00e4t tulee suorittaa opettajan m\u00e4\u00e4r\u00e4\u00e4m\u00e4ss\u00e4 ajassa ennen kuin opintojakso voidaan arvioida. Jos opintojakson arviointiperusteet eiv\u00e4t t\u00e4yty, se on suoritettava uudelleen.<\/p><p>Etuk\u00e4teen tiedossa olevat poissaolot anotaan Wilman Hakemukset ja p\u00e4\u00e4t\u00f6kset -v\u00e4lilehdell\u00e4:<\/p><ul><li>yli 3 p\u00e4iv\u00e4n pituiset my\u00f6nt\u00e4\u00e4 rehtori<\/li><li>1-3 p\u00e4iv\u00e4n pituiset my\u00f6nt\u00e4\u00e4 ryhm\u00e4nohjaaja<\/li><li>lyhyemm\u00e4t poissaolot voi my\u00f6nt\u00e4\u00e4 terveydenhoitaja tai opintojakson opettaja<\/li><\/ul><h3>4 Opintojaksovalinnat<\/h3><p>Opiskelija valitsee kev\u00e4\u00e4ll\u00e4 seuraavan lukuvuoden opintojaksot. Opastusta antavat opinto-ohjaaja, ryhm\u00e4nohjaaja ja aineenopettajat. Lukion oppim\u00e4\u00e4r\u00e4n suorittaminen kolmessa vuodessa edellytt\u00e4\u00e4 keskim\u00e4\u00e4rin 12 opintopisteen suorittamista jaksossa. Pakolliset opintojaksot suoritetaan yleens\u00e4 kahden ensimm\u00e4isen vuoden aikana.<\/p><h3>5 Opinto-ohjelman muuttaminen<\/h3><p>Suunnitellun opiskeluajan, oppiaineen oppim\u00e4\u00e4r\u00e4n (lyhyt-pitk\u00e4) muutoksesta tai oppiaineen opiskelun lopettamisesta on aina keskusteltava ja sovittava opinto-ohjaajan kanssa. Oppivelvollisten opiskelijoiden huoltajia tiedotetaan aina oppiaineen oppim\u00e4\u00e4r\u00e4n muutoksesta tai oppiaineen opiskelun lopettamisesta. Suoritetut opinnot luetaan hyv\u00e4ksi arvosanoineen.<\/p><h3>6 Jaksoj\u00e4rjestelm\u00e4<\/h3><p>Lukuvuosi jakaantuu viiteen noin 37 p\u00e4iv\u00e4\u00e4 k\u00e4sitt\u00e4v\u00e4\u00e4n jaksoon.<\/p><h3>7 Oppituntien pituudet<\/h3><p>Oppituntien pituudet ovat yleens\u00e4 75 minuuttia. Poikkeuksena ovat maanantain ja keskiviikon klo 14.05 alkavat oppitunnit (palkki 8), joiden pituudet ovat 110 minuuttia. Ruokailuvuorot vaihtelevat jaksoittain. Opetusryhmien ruokailuvuorot ovat n\u00e4ht\u00e4viss\u00e4 ilmoitustaululla ja Wilmassa.<\/p><h3>8 Arviointiviikko, kokeet, kokeessa lunttaaminen<\/h3><p>Jakso p\u00e4\u00e4ttyy arviointiviikkoon. Ty\u00f6aika arviointiviikolla on klo 8-13 sis\u00e4lt\u00e4en mahdollisen preppaustunnin (klo 8.00-8.45). Arviointiviikon ty\u00f6j\u00e4rjestys n\u00e4kyy Wilmasta. Jos opiskelijalla on kahden aineen tunnit samana p\u00e4iv\u00e4n\u00e4, h\u00e4nen on sovittava arviointiviikon aikataulusta henkil\u00f6kohtaisesti pintojaksojen opettajien kanssa viimeist\u00e4\u00e4n viikkoa ennen arviointiviikon alkua. Arviointiviikon ty\u00f6p\u00e4iv\u00e4 voi koostua muustakin toiminnasta kuin opintojakson kokeesta; tuntien j\u00e4rjestelyt sovitaan oppiainekohtaisesti (opiskelua, projekteja, teht\u00e4vi\u00e4, kokeita, arviointia koulussa tai koulun ulkopuolella).<\/p><p>Kaikenlainen lunttaaminen ja huijaaminen kokeissa on kielletty. Jos kokeessa lunttaa tai huijaa, opintojakson opettaja merkitsee opiskelijan opintojakson Wilmaan E-merkinn\u00e4ll\u00e4 ja lis\u00e4\u00e4 selityksen E-merkinn\u00e4n syyst\u00e4.<\/p><p>E-merkint\u00e4 tarkoittaa t\u00e4ss\u00e4 tapauksessa sit\u00e4, ett\u00e4 opiskelijalla ei ole my\u00f6sk\u00e4\u00e4n oikeutta osallistua opintojakson uusintakokeeseen ja pintojakso on k\u00e4yt\u00e4v\u00e4 kokonaan uudelleen sitten, kun se on uudelleen tarjolla. Opettaja tiedottaa my\u00f6s huoltajalle Wilma-viestill\u00e4, jos opiskelija huijaa kokeessa.<\/p><p>Huijaamisen houkutuksen v\u00e4hent\u00e4miseksi opiskelijan \u00e4lylaite laitetaan opiskelijan laukkuun ja laukku laitetaan esimerkiksi luokan eteen, jos \u00e4lylaitetta ei saa k\u00e4ytt\u00e4\u00e4 kokeen aikana.<\/p><h3>9 Uusintakoep\u00e4iv\u00e4 ja korotuskoep\u00e4iv\u00e4<\/h3><p>Uusintakoep\u00e4iv\u00e4n\u00e4 voi koittaa uusia edellisen jakson hyl\u00e4ttyj\u00e4 arvosanoja tekem\u00e4ll\u00e4 uusintakokeen. Jokaisessa jaksossa on yksi uusintakoep\u00e4iv\u00e4.<\/p><p>Uusintakoep\u00e4iv\u00e4n\u00e4 voi my\u00f6s tehd\u00e4 opintojakson kokeen, jos opiskelija on ollut sairaana arviointiviikolla. Muita kokeita uusintakoep\u00e4iv\u00e4n\u00e4 ei voi tehd\u00e4. Uusintakoep\u00e4iv\u00e4n\u00e4 voi vastata maksimissaan kahden opintojakson kokeeseen.<\/p><p>Elokuun ja maaliskuun uusintakoep\u00e4ivin\u00e4 voi korottaa hyv\u00e4ksyttyj\u00e4 arvosanoja tekem\u00e4ll\u00e4 korotuskokeen. Elokuun uusintakoep\u00e4iv\u00e4n\u00e4 voi korottaa edelt\u00e4v\u00e4n lukuvuoden jaksojen 4 ja 5 opintojaksojen arvosanoja. Maaliskuun uusintakoep\u00e4iv\u00e4n\u00e4 voi korottaa jaksojen 1, 2 ja 3 opintojaksojen arvosanoja. Lopulliseksi arvosanaksi tulee suorituksista parempi.<\/p><p>Uusintakokeeseen ja korotuskokeeseen ilmoittaudutaan Wilmassa viimeist\u00e4\u00e4n ilmoitettuun aikaan menness\u00e4. Uusintakoep\u00e4ivien ja ilmoittautumisen ajankohdat on merkitty lukion kalenteriin.<\/p><p>Uusinta- ja korotuskoeaika on nelj\u00e4 tuntia ja paikkana on lukion sali. Paikalle pit\u00e4\u00e4 tulla ajoissa. Salissa kokeen ohjeet on asetettu opiskelijan sukunimen mukaiseen aakkosj\u00e4rjestykseen. Opiskelija etsii oman paikkansa kokeen alussa ja valmistautuu kokeiden alkamiseen.<\/p><h3>10 Henkil\u00f6kohtainen omaisuus ja turvallisuus<\/h3><p>Turvallisesta opiskeluymp\u00e4rist\u00f6st\u00e4 vastaavat koulun rehtori ja suojelujohtaja.<\/p><h5>Omaisuus<\/h5><p>Sek\u00e4 koulun ulko- ett\u00e4 sis\u00e4alueilla on kameravalvonta. Raision kaupunki ei korvaa koulusta anastettuja, vahingoittuneita tai ilkivallan kohteeksi joutuneita asusteita, tavaroita tai kadonnutta rahaa. Rahat ja arvotavara on syyt\u00e4 pit\u00e4\u00e4 koko ajan mukana.<\/p><h5>Turvallisuus<\/h5><p><span style=\"font-size: 14px;\">Koulujen ulko-ovet on lukittu ja opiskelijat kulevat ovista rehtorin antamalla koodilla, jota vaihdetaan s\u00e4\u00e4nn\u00f6llisesti.<\/span><\/p><p><span style=\"font-size: 14px;\">Lukuvuoden alussa opettajat kertovat uusille ryhmille luokkatilojen poistumistiet.<\/span><\/p><p>Kerran vuodessa j\u00e4rjestet\u00e4\u00e4n poistumisharjoitus.<\/p><p>Jos koulukiinteist\u00f6ss\u00e4 syttyy tulipalo (kuulutus \u201dkiinteist\u00f6ss\u00e4 on paloh\u00e4lytys\u201d), ota poistumiskehotus vakavasti ja toimi opettajan ohjeiden mukaan. Harkitse, mit\u00e4 otat mukaasi (lompakko, k\u00e4nnykk\u00e4, p\u00e4\u00e4llysvaatteet vain, jos ne ovat poistumistien varrella). Siirry v\u00e4litt\u00f6m\u00e4sti poistumistiet\u00e4 k\u00e4ytt\u00e4en ulos kokoontumispaikalle.<\/p><h5>Kuulutus yleisest\u00e4 vaarasta<\/h5><p>Siirry sis\u00e4lle ja j\u00e4\u00e4 sis\u00e4tiloihin. Sulje ovet ja ikkunat. Toimi opettajan ja kuulutusten ohjeiden mukaan. \u00c4l\u00e4 poistu sis\u00e4tiloista ilman lupaa.<\/p><h5>V\u00e4kivallalla uhkaaminen<\/h5><p>Pyri aina poisp\u00e4in uhasta tai uhkaajasta. Jos uhkaaja on koulukiinteist\u00f6ss\u00e4, pyri poistumaan. Jos ulosp\u00e4\u00e4sy estyy, linnoittaudu esim. luokkaan kasaamalla raskaita esineit\u00e4 oven eteen ja ilmoita k\u00e4nnyk\u00e4ll\u00e4 itsest\u00e4si. Toimi kuulutusten ja opettajan ohjeiden mukaan.<\/p><h3>11 Mediateekki ja Hiljaisen ty\u00f6skentelyn tila<\/h3><p>Mediateekki\u00e4 voi k\u00e4ytt\u00e4\u00e4 viihtymiseen esimerkiksi v\u00e4litunneilla ja hyppytunneilla. Tilasta l\u00f6ytyy muun muassa lautapelej\u00e4.<\/p><p>Hiljaisen ty\u00f6skentelyn tilaa voi k\u00e4ytt\u00e4\u00e4 esimerkiksi teht\u00e4vien tekemiseen v\u00e4litunneilla ja hyppytunneilla. Tilassa t\u00e4ytyy olla hiljaa, jotta tilassa voivat kaikki ty\u00f6skennell\u00e4.<\/p><p>Mediateekki ja Hiljaisen ty\u00f6skentelyn tila ovat auki ma-pe klo 8-15. Opiskelijan vastuulla on, ett\u00e4 tilojen k\u00e4ytt\u00f6 on asiallista (v\u00e4\u00e4rink\u00e4yt\u00f6st\u00e4 seuraa k\u00e4ytt\u00f6oikeuden menetys kuukaudeksi).<\/p><p>Niin n\u00e4iss\u00e4 edell\u00e4 mainituissa tiloissa kuin muuallakin yleiseen k\u00e4ytt\u00e4ytymiseen, siisteyteen ja j\u00e4rjestykseen tulee kiinnitt\u00e4\u00e4 huomiota. K\u00e4yt\u00f6ksen ei tule loukata ket\u00e4\u00e4n. Peliv\u00e4lineet laitetaan k\u00e4yt\u00f6n j\u00e4lkeen niille kuuluville paikoille ja roskat roskikseen.<\/p>\t\t\t\t\t\t\t\t<\/div>\n\t\t\t\t<\/div>\n\t\t\t\t\t<\/div>\n\t\t<\/div>\n\t\t\t\t\t<\/div>\n\t\t<\/section>\n\t\t\t\t<\/div>\n\t\t","protected":false},"excerpt":{"rendered":"<p>1 Opiskeluaika Lukion oppim\u00e4\u00e4r\u00e4 suoritetaan yleens\u00e4 kolmessa vuodessa. Lukion oppim\u00e4\u00e4r\u00e4 tulee suorittaa enint\u00e4\u00e4n nelj\u00e4ss\u00e4 vuodessa, jollei perustellusta syyst\u00e4 (esim. pitk\u00e4aikainen sairaus) my\u00f6nnet\u00e4 suoritusaikaan pidennyst\u00e4. Opiskelija, joka ei ole suorittanut lukion oppim\u00e4\u00e4r\u00e4\u00e4 mainitussa ajassa, katsotaan eronneeksi. Eronneeksi katsotaan my\u00f6s opiskelija, joka p\u00e4tev\u00e4\u00e4 syyt\u00e4 ilmoittamatta on poissa opetuksesta (lukiolaki \u00a7 24). 2 Opintojen keskeytt\u00e4minen ja erotodistus Keskeytt\u00e4misest\u00e4 [&hellip;]<\/p>\n","protected":false},"author":1,"featured_media":0,"parent":2401,"menu_order":0,"comment_status":"closed","ping_status":"closed","template":"","meta":{"ocean_post_layout":"","ocean_both_sidebars_style":"","ocean_both_sidebars_content_width":0,"ocean_both_sidebars_sidebars_width":0,"ocean_sidebar":"0","ocean_second_sidebar":"0","ocean_disable_margins":"enable","ocean_add_body_class":"","ocean_shortcode_before_top_bar":"","ocean_shortcode_after_top_bar":"","ocean_shortcode_before_header":"","ocean_shortcode_after_header":"","ocean_has_shortcode":"","ocean_shortcode_after_title":"","ocean_shortcode_before_footer_widgets":"","ocean_shortcode_after_footer_widgets":"","ocean_shortcode_before_footer_bottom":"","ocean_shortcode_after_footer_bottom":"","ocean_display_top_bar":"default","ocean_display_header":"default","ocean_header_style":"","ocean_center_header_left_menu":"0","ocean_custom_header_template":"0","ocean_custom_logo":0,"ocean_custom_retina_logo":0,"ocean_custom_logo_max_width":0,"ocean_custom_logo_tablet_max_width":0,"ocean_custom_logo_mobile_max_width":0,"ocean_custom_logo_max_height":0,"ocean_custom_logo_tablet_max_height":0,"ocean_custom_logo_mobile_max_height":0,"ocean_header_custom_menu":"0","ocean_menu_typo_font_family":"0","ocean_menu_typo_font_subset":"","ocean_menu_typo_font_size":0,"ocean_menu_typo_font_size_tablet":0,"ocean_menu_typo_font_size_mobile":0,"ocean_menu_typo_font_size_unit":"px","ocean_menu_typo_font_weight":"","ocean_menu_typo_font_weight_tablet":"","ocean_menu_typo_font_weight_mobile":"","ocean_menu_typo_transform":"","ocean_menu_typo_transform_tablet":"","ocean_menu_typo_transform_mobile":"","ocean_menu_typo_line_height":0,"ocean_menu_typo_line_height_tablet":0,"ocean_menu_typo_line_height_mobile":0,"ocean_menu_typo_line_height_unit":"","ocean_menu_typo_spacing":0,"ocean_menu_typo_spacing_tablet":0,"ocean_menu_typo_spacing_mobile":0,"ocean_menu_typo_spacing_unit":"","ocean_menu_link_color":"","ocean_menu_link_color_hover":"","ocean_menu_link_color_active":"","ocean_menu_link_background":"","ocean_menu_link_hover_background":"","ocean_menu_link_active_background":"","ocean_menu_social_links_bg":"","ocean_menu_social_hover_links_bg":"","ocean_menu_social_links_color":"","ocean_menu_social_hover_links_color":"","ocean_disable_title":"default","ocean_disable_heading":"default","ocean_post_title":"","ocean_post_subheading":"","ocean_post_title_style":"","ocean_post_title_background_color":"","ocean_post_title_background":0,"ocean_post_title_bg_image_position":"","ocean_post_title_bg_image_attachment":"","ocean_post_title_bg_image_repeat":"","ocean_post_title_bg_image_size":"","ocean_post_title_height":0,"ocean_post_title_bg_overlay":0.5,"ocean_post_title_bg_overlay_color":"","ocean_disable_breadcrumbs":"default","ocean_breadcrumbs_color":"","ocean_breadcrumbs_separator_color":"","ocean_breadcrumbs_links_color":"","ocean_breadcrumbs_links_hover_color":"","ocean_display_footer_widgets":"default","ocean_display_footer_bottom":"default","ocean_custom_footer_template":"0","footnotes":""},"class_list":["post-2382","page","type-page","status-publish","hentry","entry"],"_links":{"self":[{"href":"https:\/\/www.raisionlukio.fi\/index.php?rest_route=\/wp\/v2\/pages\/2382","targetHints":{"allow":["GET"]}}],"collection":[{"href":"https:\/\/www.raisionlukio.fi\/index.php?rest_route=\/wp\/v2\/pages"}],"about":[{"href":"https:\/\/www.raisionlukio.fi\/index.php?rest_route=\/wp\/v2\/types\/page"}],"author":[{"embeddable":true,"href":"https:\/\/www.raisionlukio.fi\/index.php?rest_route=\/wp\/v2\/users\/1"}],"replies":[{"embeddable":true,"href":"https:\/\/www.raisionlukio.fi\/index.php?rest_route=%2Fwp%2Fv2%2Fcomments&post=2382"}],"version-history":[{"count":20,"href":"https:\/\/www.raisionlukio.fi\/index.php?rest_route=\/wp\/v2\/pages\/2382\/revisions"}],"predecessor-version":[{"id":4938,"href":"https:\/\/www.raisionlukio.fi\/index.php?rest_route=\/wp\/v2\/pages\/2382\/revisions\/4938"}],"up":[{"embeddable":true,"href":"https:\/\/www.raisionlukio.fi\/index.php?rest_route=\/wp\/v2\/pages\/2401"}],"wp:attachment":[{"href":"https:\/\/www.raisionlukio.fi\/index.php?rest_route=%2Fwp%2Fv2%2Fmedia&parent=2382"}],"curies":[{"name":"wp","href":"https:\/\/api.w.org\/{rel}","templated":true}]}}